s*n = -2*k + 5 + 53, 4*k + 3*n - 115 = 0. Calculate the greatest common factor of k and 28.
28
Let n(s) = -s**2 - 5*s + 6. Let p be n(-6). Suppose 5 = -x, -3*d + 4*x + p = -29. Suppose -v - d*v + 88 = 0. What is the highest common factor of 44 and v?
22
Let w be ((-1320)/(-1100))/((-3)/(-55)). Suppose -165 = -0*o - 5*o. What is the greatest common divisor of w and o?
11
Suppose 16329 - 39677 = -449*s. What is the greatest common divisor of s and 9477?
13
Suppose 4*b = -2*o + 5*o + 15, -5*b = 2*o - 13. Suppose -3 = y, -20 = -k - b*k + 4*y. Suppose k*x = 5*x - 75. Calculate the greatest common divisor of 50 and x.
25
Let c be -2 - ((-13080)/54 - (-2)/9). Let q be (-29)/(261/252)*c/(-14). What is the highest common divisor of 180 and q?
60
Suppose 344 - 82 = 2*h - 2*q, 274 = 2*h - 5*q. What is the highest common divisor of h and 7747?
127
Let p = 6 - -4. Suppose -3*h - h = 2*i + 316, -2*i - 5*h - 314 = 0. Let y be 2*3/(-15) - i/30. What is the highest common factor of p and y?
5
Let s = 37496 + -37490. Let u = 52 - -2. Calculate the greatest common divisor of u and s.
6
Let f(t) = -24*t - 3. Let d be f(-7). Let g = d - 117. Let s = 136 + -104. What is the highest common factor of g and s?
16
Suppose -4*m + 0*z + 4*z = -6620, 0 = 6*m - 2*z - 9914. What is the greatest common factor of 26 and m?
13
Suppose -131*j + 147647 = -61953. Calculate the highest common divisor of 1472 and j.
64
Let h = -300 - -420. Let u = -91 + h. What is the highest common factor of 319 and u?
29
Suppose -5*a - 86 = -4*l, -3*a - 30 = -l - 6*a. Calculate the highest common divisor of 3144 and l.
24
Let r be (87/(-4))/((-27)/108). Suppose 67 - r = -4*c. What is the highest common divisor of 40 and c?
5
Let p be 4 + -7 + (1 - 0)*10. Suppose p*u = 8*u - 37. Calculate the greatest common divisor of 259 and u.
37
Let k = 6683 - 5713. Calculate the greatest common factor of k and 120.
10
Suppose -b = 3*o + 21, 3*b + 84 = -0*o - 2*o. Let l = 55 + b. Let g be 101 + (-3 - 1 - -3). Calculate the greatest common divisor of g and l.
25
Suppose 3*y = -4*b + 11233, 997 = -4*b + 977. What is the highest common divisor of y and 62?
31
Let c(k) = 3*k**2 - 189*k + 188. Let q be c(62). Calculate the greatest common factor of 7 and q.
1
Let p be (-540)/105*(-21)/2. Suppose 5*t - 2*t = 0. Suppose f - 3 = 0, t = -3*l + l - 3*f + 81. What is the highest common divisor of p and l?
18
Suppose 19*b - 10991 - 6943 = -6534. Calculate the greatest common divisor of b and 550.
50
Let g be ((-5525)/39)/(30/(-36)). What is the greatest common divisor of g and 170?
170
Let w = -408 - -676. Let z = -124 + w. What is the greatest common factor of 16 and z?
16
Let v = 2301 - 1668. What is the greatest common divisor of v and 6?
3
Suppose 17*a - 3*f = 18*a - 224, 0 = 3*f. What is the highest common factor of a and 1260?
28
Suppose -5*y + 5*h + 550 = 0, 6*h = h + 10. Let g be (-2)/3 - y/(-6). Let b(w) = 3*w + 3. Let s be b(11). Calculate the highest common divisor of s and g.
18
Let d = 38 + -33. Suppose c + 3*c = -5*b - 20, 0 = 2*c + 2*b + 8. Suppose 3*r = -c*r + i + d, -5*r = -3*i - 7. Calculate the highest common divisor of 4 and r.
2
Suppose -13*s + 159 = -764. Let l = s - -37. What is the greatest common factor of l and 96?
12
Let s be (-1 - 651/(-6)) + 10*(-5)/20. Calculate the greatest common divisor of s and 651.
21
Suppose 15*q - 11*q = 48. Suppose 3*y - 6 = 0, 3*y = -3*b + 175 + 191. Suppose -132*z + 137*z - b = 0. What is the highest common factor of q and z?
12
Suppose -7*x + 5*x = -4*t + 652, -2*t + 4*x + 314 = 0. Let q be (3/2)/((-2)/(-4)). Suppose -2*u = q*u - 75. What is the highest common divisor of u and t?
15
Suppose 0 = -r + 5*i - 25 + 55, 3*r + i = 26. Let u be ((r/30)/1)/(2/144). Let m be (-2)/(0 + 1/(-24)). Calculate the highest common factor of m and u.
24
Let y(v) = -3*v + 91. Let x be y(37). Let f(p) = -p + 22. Let g be f(x). Calculate the greatest common factor of 18 and g.
6
Suppose 0 = 4*w + n - 79, 5*w - 173 = 5*n - 43. Suppose -98 = 5*v - 1043. Calculate the highest common factor of w and v.
21
Let v be 35/21 - 16/(-12). Suppose -v*d + 1230 = 2*d. Let i = -103 + d. Calculate the greatest common divisor of i and 13.
13
Let i be (4 + 5 - 3)/(3/8). Suppose -i = 8*y - 328. What is the highest common factor of y and 663?
39
Let j be (-216 - 0)/(9/(-12)). Let o be j/21 - 2/(-7). Suppose 47*t - 2145 = 158. Calculate the highest common factor of t and o.
7
Suppose 4*g - j + 4*j - 1554 = 0, 0 = -g - 5*j + 414. Calculate the greatest common divisor of 78 and g.
6
Let a be (-1456)/(96/(-6)) + -11. Calculate the greatest common factor of 70 and a.
10
Suppose 2285 + 2395 = q + 2*k, -4662 = -q + k. Calculate the highest common factor of 12 and q.
12
Let s(y) = -2*y**2 - 18*y + 8. Let p be s(-9). Suppose 0 = p*f - 26 + 2. What is the highest common divisor of 75 and f?
3
Suppose 64*h + 2637 = 66*h - j, -3*j + 2649 = 2*h. What is the highest common divisor of 12 and h?
12
Suppose 0 = -4*m - 2*h + 544, 5*m - 10*m + 5*h + 665 = 0. Calculate the greatest common divisor of 45 and m.
45
Let l = 4242 - 2007. Calculate the greatest common divisor of l and 60.
15
Let h(c) = 2*c**3 + 90*c**2 + 532*c + 115. Let p be h(-35). What is the highest common factor of 55 and p?
55
Let g be ((-4)/2)/((-2464)/(-413) + -6). What is the greatest common divisor of g and 3599?
59
Suppose -2*x + 232 = 3*m + m, 2*m - 124 = -3*x. Let n be -7 - (-2 - 172) - -1. Calculate the highest common divisor of n and m.
56
Suppose 20 + 6 = 13*c. Suppose -23*q - 4*a + 236 = -22*q, -764 = -3*q + c*a. What is the greatest common divisor of q and 63?
63
Let c be (30/(-11))/(16/(-88)). Calculate the highest common divisor of 243 and c.
3
Let r be (-9)/2*(-1204)/(-903) - (2 + -19295). What is the highest common divisor of r and 9?
9
Let u = 3327 - 2883. Calculate the greatest common divisor of 259 and u.
37
Suppose -14382 = -2*t - a, 3*t - 18121 = 5*a + 3413. What is the greatest common divisor of t and 60?
12
Suppose 368*a - 34 = 351*a. Let w be ((-75)/(-125))/(a/390). What is the greatest common factor of w and 36?
9
Let u(y) = -96*y**3 - 3*y**2 + 1. Let r be u(-1). Let k = 141 - r. Suppose 0 = -48*z + k*z + 20. Calculate the greatest common divisor of z and 100.
20
Let v = 603 + 451. Suppose -31 = -5*x + v. Suppose -382 = -3*d + 4*n, 5*d - 437 - x = -2*n. What is the greatest common factor of 13 and d?
13
Let x be -2 - (-53 - 2/1). Let w = -30 + x. Suppose 4*g - 4*m = 1012, 113*g - 109*g - 1012 = 5*m. Calculate the highest common divisor of g and w.
23
Let l(w) = 12*w - 69. Let c be l(6). Suppose 6*n - 4*n - 4*b - 1376 = 0, -c*n + 5*b = -2068. What is the highest common divisor of n and 87?
87
Let f(h) = 51*h + 3. Let k be f(4). Suppose 0 = 5*m - 28 - 97. Suppose -m*s + 119 = -456. Calculate the greatest common factor of k and s.
23
Let g be -3 - ((-125)/15 - 4/6). Let i be (-28)/g*(-120)/56. What is the greatest common factor of i and 670?
10
Let h(o) = o**3 - 14*o**2 + 27*o - 4. Let y be h(12). Let g = -4 + y. Calculate the highest common divisor of g and 14.
14
Suppose -2*l = -2*k + 64, 0 = -5*l - 0*k - k - 148. Let t = l - -44. Let g = t + 81. What is the greatest common divisor of 38 and g?
19
Let o be -138*(-19 - (-1512)/81). Suppose -227 = -3*v - 4*n, n - 2*n - 202 = -3*v. Calculate the greatest common divisor of o and v.
23
Suppose -148 = -3*r - 8*c + 888, -r + 385 = -3*c. Calculate the highest common divisor of 468 and r.
52
Let t be ((5/(-3))/(-5))/((-2)/(-18168)). Suppose -406 + t = 6*p. Suppose -7*j + 256 = -p. Calculate the highest common factor of 22 and j.
11
Suppose 12*n - 2727 = 1377. Let o = -330 + n. Calculate the highest common factor of 76 and o.
4
Suppose -7*c - 32 + 368 = 0. Calculate the greatest common divisor of 2364 and c.
12
Suppose -4*r = -9480 - 357 - 543. What is the highest common divisor of 692 and r?
173
Suppose -122*v + 23150 = 5*v - 24094. What is the greatest common factor of v and 589?
31
Let y be (282 - 5842)*(3/(-2) - -1*1). Calculate the highest common divisor of 60 and y.
20
Let s = 7 + -10. Let p be s/2 - (1 + 33/(-6)). Let u be -30*(-33)/18*p. Calculate the greatest common divisor of u and 15.
15
Suppose 0 = -14*f - 9*f + 8172 + 13678. Calculate the highest common factor of 152 and f.
38
